21?
-6732
In base 5, what is -10 + 300243?
300233
In base 6, what is -110 + 35325?
35215
In base 13, what is 25 + 4573?
4598
In base 4, what is -12202 + 2122?
-10020
In base 7, what is -21445 + -216?
-21664
In base 3, what is -2 + -100120002112?
-100120002121
In base 9, what is 1245 + -130?
1115
In base 6, what is -3 + 3543552?
3543545
In base 9, what is 3 + 72811?
72814
In base 12, what is -7 - -5784?
5779
In base 10, what is 71 - 484?
-413
In base 13, what is 60a3cc + 5?
60a404
In base 16, what is -6f + 5f7?
588
In base 15, what is 2 - -1d74?
1d76
In base 4, what is -1302 - -3002?
1100
In base 5, what is 1021232 - 0?
1021232
In base 14, what is -86b28d + -1?
-86b290
In base 6, what is -35344433 + -5?
-35344442
In base 12, what is -118b4 - -77?
-11839
In base 12, what is 35384 + 25?
353a9
In base 13, what is -62 + -9398?
-942a
In base 4, what is 2032 - -3311?
12003
In base 13, what is -3235a - -6?
-32354
In base 6, what is -120 - 121341?
-121501
In base 3, what is -210221 + 2110210?
1122212
In base 5, what is -1 + -242112?
-242113
In base 8, what is 2340 + -5545?
-3205
In base 5, what is -104342 + -343?
-110240
In base 15, what is 1 + -1933?
-1932
In base 9, what is -3 + -138138?
-138142
In base 6, what is -1 - 1024130?
-1024131
In base 13, what is -3c55 + 7?
-3c4b
In base 12, what is -1b170 - -2?
-1b16a
In base 10, what is 171215 + 9?
171224
In base 5, what is -413 + 2003?
1040
In base 4, what is -201202102 - 11?
-201202113
In base 13, what is -582c + 2?
-582a
In base 12, what is 2b + -864?
-835
In base 14, what is 4599 + -1?
4598
In base 3, what is -2 - -1002120210?
1002120201
In base 7, what is 3 - -6332?
6335
In base 5, what is 11 - 43302431?
-43302420
In base 5, what is -10340 - 32400?
-43240
In base 3, what is -10121112000 + 10?
-10121111220
In base 12, what is -25b49 - -12?
-25b37
In base 10, what is -259 + -15195?
-15454
In base 12, what is -18a708 - 5?
-18a711
In base 4, what is -110022331 + 230?
-110022101
In base 2, what is 1010110111011011001 + 10?
1010110111011011011
In base 9, what is -110 - -15?
-84
In base 8, what is -4 - 310311?
-310315
In base 2, what is -11011 - 100000111101?
-100001011000
In base 5, what is 243 + 114?
412
In base 13, what is -a7a1 + a8?
-a6c6
In base 7, what is 100 - 2415?
-2315
In base 13, what is 227 + 397?
5c1
In base 3, what is -2120 - 20001012?
-20010202
In base 10, what is -120554 + 1?
-120553
In base 15, what is -2e + -b32?
-b61
In base 5, what is -4 + -304100?
-304104
In base 15, what is c + 882c?
8839
In base 4, what is 20122101 + -2?
20122033
In base 3, what is -1222 - -12010020?
12001021
In base 12, what is 1 + 89b94?
89b95
In base 9, what is 3666 - 567?
3088
In base 14, what is 1172 + 20?
1192
In base 3, what is -121222212102022 + 10?
-121222212102012
In base 14, what is -5046 + 4c?
-4dd8
In base 6, what is 3 - -440515?
440522
In base 13, what is 8a82 + 5?
8a87
In base 12, what is 4968 - -17?
4983
In base 13, what is -3 - -150a9?
150a6
In base 13, what is 280 + 2a?
2aa
In base 10, what is -259 + 129?
-130
In base 15, what is 8 - -ebe?
ec7
In base 14, what is 5aa988 - 5?
5aa983
In base 16, what is 19 - 68b3?
-689a
In base 14, what is -3 - -c051?
c04c
In base 7, what is -3205 - 11?
-3216
In base 13, what is 5 - -3181c4?
3181c9
In base 3, what is 10112 + -112200?
-102011
In base 8, what is -4 - -751555?
751551
In base 3, what is -1200 - -1211112?
1202212
In base 11, what is -1 - 1603?
-1604
In base 8, what is 53 + 11607?
11662
In base 7, what is -33211 - -132?
-33046
In base 9, what is -187 + -65?
-263
In base 15, what is -19b + -3?
-19e
In base 4, what is -10320 + 1212?
-3102
In base 3, what is -122111211 + -222?
-122112210
In base 9, what is -232 - 2166?
-2408
In base 3, what is -12100220 - 101?
-12101021
In base 8, what is 2225 + 23?
2250
In base 9, what is 1152 + 155?
1317
In base 11, what is 5 - 40310?
-40306
In base 13, what is a + 355ab?
355b8
In base 2, what is -101 + 101110111011?
101110110110
In base 10, what is -29163 - 7?
-29170
In base 2, what is 1001001 + 100100101?
101101110
In base 12, what is -10 + -856?
-866
In base 12, what is -3a64 - -22?
-3a42
In base 7, what is -211 - 1616?
-2130
In base 7, what is 4 - 15156?
-15152
In base 10, what is 6710 - 4?
6706
In base 13, what is 2 - 15988?
-15986
In base 6, what is 110113 - -1211?
111324
In base 7, what is 4302050 + -4?
4302043
In base 8, what is -2403634 + -4?
-2403640
In base 7, what is -2 + 12414452?
12414450
In base 11, what is -2767 + -27?
-2793
In base 14, what is 1 - 18cad?
-18cac
In base 14, what is 233797 - 4?
233793
In base 10, what is -610 + -3?
-613
In base 15, what is 1 - ceb7?
-ceb6
In base 8, what is 55415 - -431?
56046
In base 14, what is 1 + -15d01?
-15d00
In base 14, what is 12 + -b154?
-b142
In base 3, what is 1011022 + -22101?
211221
In base 12, what is -a7 + 330?
245
In base 2, what is -111010101001000 + 10?
-111010101000110
In base 11, what is -28252 + -2?
-28254
In base 2, what is -100 - 1000111101101100001?
-1000111101101100101
In base 13, what is 4cca + 16?
5013
In base 15, what is -1748c - 16?
-174a3
In base 15, what is -89939 - 9?
-89943
In base 2, what is 1 + 10010000111010111?
10010000111011000
In base 11, what is -3 - -16947?
16944
In base 11, what is -6277 + 13?
-6264
In base 4, what is -230 - -1233112?
1232222
In base 2, what is -1101 + -10100011111111?
-10100100001100
In base 9, what is -3 - -572320?
572316
In base 15, what is 40 + 907?
947
In base 10, what is -11768 + 418?
-11350
In base 10, what is -26 + 29846?
29820
In base 4, what is -3011011 + 123?
-3010222
In base 8, what is -541530 + 14?
-541514
In base 6, what is 54531 - 43?
54444
In base 16, what is -4 - -359db?
359d7
In base 4, what is 21012 + 2322101?
3003113
In base 8, what is -5107 + -135?
-5244
In base 16, what is 3 + fac?
faf
In base 12, what is 8044 + 102?
8146
In base 16, what is e45 + -bd?
d88
In base 4, what is -3 - -210220?
210211
In base 9, what is 32 - -152?
184
In base 7, what is 112130 - 3?
112124
In base 2, what is 110000000101101000001 - -101?
110000000101101000110
In base 2, what is -11001110101 - -10110000001?
-11110100
In base 6, what is -5 + 331022?
331013
In base 14, what is 4d + 63?
b2
In base 9, what is -22 - 767?
-800
In base 6, what is -2 - 4113132?
-4113134
In base 10, what is -9 + 6616?
6607
In base 2, what is -1110 + -1011100000?
-1011101110
In base 13, what is 86373 - 2?
86371
In base 5, what is 21130 + 32?
21212
In base 12, what is 0 + 5aa67?
5aa67
In base 3, what is -11210222012 + 1?
-11210222011
In base 12, what is -7 - 12a7?
-12b2
In base 9, what is -207 + -351?
-558
In base 5, what is -11 + 24304311?
24304300
In base 5, what is 3 + 1403?
1411
In base 10, what is -4 + 15591?
15587
In base 13, what is 2a08 + 1?
2a09
In base 4, what is -121 - 2300102?
-2300223
In base 6, what is 14402413 - -30?
14402443
In base 5, what is 340332 - 3?
340324
In base 11, what is 19435 - 20?
19415
In base 14, what is -29 - 3ab?
-3d6
In base 10, what is 27 + 4193?
4220
In base 15, what is 421 - -292?
6b3
In base 9, what is -541 + 263?
-267
In base 11, what is -27852 + -1?
-27853
In base 12, what is -400 + 4b3?
b3
In base 8, what is 12 + -157400?
-157366
In base 15, what is 2a - -2898?
28c3
In base 8, what is -174 - -104?
-70
In base 8, what is -1633 - 6?
-1641
In base 2, what is 11101010110 - 10010111000?
1010011110
In base 3, what is -1 + -2211120220?
-2211120221
In base 7, what is 150 + 11?
161
In base 12, what is 12 - 9870?
-985a
In base 7, what is -3 - 4635102?
-4635105
In base 9, what is 70 - -1416?
1486
In base 7, what is -1314 + -1415?
-3032
In base 6, what is -4 - -4404543?
4404535
In base 10, what is -29043 + -1?
-29044
In base 7, what is -31134 + -5?
-31142
In base 4, what is 3302303 + -110?
3302133
In base 4, what is 2203211121 + -2?
2203211113
In base 12, what is 157bbbb - 1?
157bbba
In base 4, what is 3102232 + 0?
3102232
In base 9, what is -3415 + -102?
-3517
In base 8, what is 0 + 3116703?
3116703
In base 10, what is 5 - -127976?
127981
In base 10, what is 13505 - 3?
13502
In base 12, what is 5 - -3081?
3086
In base 13, what is 20686c - -5?
206874
In base 4, what is -31210 + -33?
-31303
In base 15, what is -20 - -233?
213
In base 10, what is 6 + 15786?
15792
In base 6, what is -31120 + -12?
-31132
In base 14, wha